 the remainder when 12656 is divided by 144?
128
What is the remainder when 1360 is divided by 64?
16
What is the remainder when 16746 is divided by 101?
81
What is the remainder when 72956 is divided by 2279?
28
What is the remainder when 662 is divided by 143?
90
Calculate the remainder when 1572 is divided by 399.
375
What is the remainder when 630 is divided by 483?
147
What is the remainder when 11888 is divided by 441?
422
What is the remainder when 628736 is divided by 314367?
2
Calculate the remainder when 137155 is divided by 277.
40
Calculate the remainder when 289532 is divided by 762.
734
What is the remainder when 21989 is divided by 285?
44
What is the remainder when 11933 is divided by 96?
29
Calculate the remainder when 6089 is divided by 80.
9
What is the remainder when 102681 is divided by 172?
169
What is the remainder when 64803 is divided by 65?
63
Calculate the remainder when 87797 is divided by 343.
332
What is the remainder when 308924 is divided by 898?
12
What is the remainder when 729344 is divided by 193?
190
Calculate the remainder when 4159 is divided by 378.
1
Calculate the remainder when 2032 is divided by 23.
8
Calculate the remainder when 8676 is divided by 18.
0
Calculate the remainder when 43412 is divided by 1113.
5
Calculate the remainder when 41276 is divided by 5.
1
Calculate the remainder when 55262 is divided by 214.
50
Calculate the remainder when 38949 is divided by 53.
47
What is the remainder when 1999999 is divided by 666655?
34
What is the remainder when 2103 is divided by 995?
113
Calculate the remainder when 9911 is divided by 148.
143
What is the remainder when 159 is divided by 116?
43
What is the remainder when 15159 is divided by 15150?
9
What is the remainder when 4668 is divided by 390?
378
Calculate the remainder when 73413 is divided by 24.
21
What is the remainder when 672431 is divided by 9?
5
What is the remainder when 20321 is divided by 19?
10
What is the remainder when 5809 is divided by 330?
199
Calculate the remainder when 11406 is divided by 1901.
0
What is the remainder when 2646 is divided by 68?
62
What is the remainder when 2873 is divided by 2734?
139
Calculate the remainder when 26485 is divided by 1389.
94
What is the remainder when 5245 is divided by 90?
25
Calculate the remainder when 6218 is divided by 10.
8
Calculate the remainder when 10454 is divided by 402.
2
Calculate the remainder when 131667 is divided by 43882.
21
Calculate the remainder when 62362 is divided by 20781.
19
Calculate the remainder when 315966 is divided by 24303.
27
What is the remainder when 21797 is divided by 50?
47
What is the remainder when 7653 is divided by 45?
3
What is the remainder when 9367 is divided by 6?
1
Calculate the remainder when 97046 is divided by 30.
26
What is the remainder when 95465 is divided by 11?
7
What is the remainder when 4071 is divided by 45?
21
What is the remainder when 33748 is divided by 2115?
2023
Calculate the remainder when 10705 is divided by 66.
13
What is the remainder when 1006828 is divided by 6?
4
What is the remainder when 5927 is divided by 472?
263
What is the remainder when 444257 is divided by 229?
226
What is the remainder when 73824 is divided by 1041?
954
Calculate the remainder when 92307 is divided by 40.
27
Calculate the remainder when 2932 is divided by 422.
400
Calculate the remainder when 3063 is divided by 108.
39
What is the remainder when 3099 is divided by 164?
147
Calculate the remainder when 5210 is divided by 4329.
881
Calculate the remainder when 1776 is divided by 405.
156
Calculate the remainder when 541 is divided by 355.
186
What is the remainder when 3453 is divided by 493?
2
What is the remainder when 5767 is divided by 35?
27
What is the remainder when 1949 is divided by 183?
119
What is the remainder when 8048 is divided by 46?
44
Calculate the remainder when 695406 is divided by 49.
47
What is the remainder when 1130 is divided by 263?
78
Calculate the remainder when 6145 is divided by 417.
307
Calculate the remainder when 2481459 is divided by 5825.
9
Calculate the remainder when 6675 is divided by 193.
113
What is the remainder when 385484 is divided by 14?
8
What is the remainder when 1087 is divided by 337?
76
Calculate the remainder when 6680 is divided by 201.
47
Calculate the remainder when 121889 is divided by 60940.
9
Calculate the remainder when 5062023 is divided by 451.
450
Calculate the remainder when 15820 is divided by 31.
10
What is the remainder when 1001502 is divided by 56?
54
Calculate the remainder when 3781 is divided by 9.
1
What is the remainder when 7070 is divided by 402?
236
What is the remainder when 29265 is divided by 37?
35
What is the remainder when 24133 is divided by 2011?
1
What is the remainder when 4237509 is divided by 1383?
1380
Calculate the remainder when 10720 is divided by 29.
19
What is the remainder when 263847 is divided by 52?
51
What is the remainder when 48306 is divided by 131?
98
Calculate the remainder when 1848 is divided by 11.
0
What is the remainder when 9719 is divided by 69?
59
What is the remainder when 849 is divided by 419?
11
What is the remainder when 102746 is divided by 220?
6
Calculate the remainder when 3384681 is divided by 1788.
1785
Calculate the remainder when 9222 is divided by 1840.
22
Calculate the remainder when 647075 is divided by 323530.
15
What is the remainder when 23227 is divided by 967?
19
What is the remainder when 16588 is divided by 156?
52
Calculate the remainder when 7432 is divided by 212.
12
What is the remainder when 4153 is divided by 27?
22
What is the remainder when 20522 is divided by 17?
3
What is the remainder when 1969 is divided by 479?
53
What is the remainder when 5844 is divided by 165?
69
Calculate the remainder when 690095 is divided by 66.
65
Calculate the remainder when 2804 is divided by 2510.
294
What is the remainder when 8484 is divided by 4229?
26
Calculate the remainder when 324283 is divided by 108083.
34
What is the remainder when 538 is divided by 239?
60
Calculate the remainder when 3815 is divided by 6.
5
Calculate the remainder when 53813 is divided by 44.
1
Calculate the remainder when 2287 is divided by 2018.
269
Calculate the remainder when 26025 is divided by 38.
33
What is the remainder when 349905 is divided by 116634?
3
Calculate the remainder when 10524 is divided by 116.
84
Calculate the remainder when 36659 is divided by 632.
3
What is the remainder when 356 is divided by 145?
66
Calculate the remainder when 49 is divided by 30.
19
What is the remainder when 33721 is divided by 11?
6
Calculate the remainder when 17447 is divided by 37.
20
Calculate the remainder when 54957 is divided by 84.
21
What is the remainder when 263068 is divided by 474?
472
Calculate the remainder when 1133 is divided by 338.
119
What is the remainder when 398967 is divided by 1170?
1167
What is the remainder when 99196 is divided by 54?
52
Calculate the remainder when 73707 is divided by 117.
114
Calculate the remainder when 8022 is divided by 49.
35
Calculate the remainder when 746 is divided by 710.
36
Calculate the remainder when 108384 is divided by 255.
9
Calculate the remainder when 5135 is divided by 106.
47
What is the remainder when 2296 is divided by 162?
28
What is the remainder when 17929 is divided by 597?
19
Calculate the remainder when 14671 is divided by 14.
13
Calculate the remainder when 273027 is divided by 14.
13
What is the remainder when 56514 is divided by 142?
140
What is the remainder when 247 is divided by 224?
23
What is the remainder when 10774 is divided by 10774?
0
What is the remainder when 154488 is divided by 75?
63
Calculate the remainder when 2473 is divided by 165.
163
What is the remainder when 716878 is divided by 515?
513
What is the remainder when 140897 is divided by 224?
1
What is the remainder when 13831 is divided by 229?
91
Calculate the remainder when 827311 is divided by 2058.
2053
What is the remainder when 255105 is divided by 31887?
9
Calculate the remainder when 79267 is divided by 4.
3
What is the remainder when 24053 is divided by 341?
183
Calculate the remainder when 576289 is divided by 110.
109
What is the remainder when 25190 is divided by 8390?
20
Calcula